 is the units digit of u?
5
What is the tens digit of (-2988)/(-20) + (-2)/30*-9?
5
Suppose 0 = -0*m - m + 1. What is the units digit of m/1 + (4 - -3)?
8
Let m be -1 + 9 + (-6 - -3). Suppose q = m*q - 68. What is the tens digit of q?
1
Let f be -2*1*(5 - 7). Suppose 0*a = -z - a + 21, -2*a + f = 0. What is the tens digit of z?
1
Suppose 0 = 6*z + 1 + 5. What is the units digit of (-18 + 1)*z - 2?
5
What is the units digit of -3 - (-14 - (0 + 0))?
1
What is the tens digit of 13/(4 + 45/(-12))?
5
Let i(g) be the first derivative of 2/3*g**3 - g**2 + g - 3. What is the tens digit of i(3)?
1
What is the units digit of (-2 - (-4 + 3)) + 28?
7
Let a be (-1)/((-2)/16*2). Let r(q) = -q**3 + 4*q**2 + 3. What is the units digit of r(a)?
3
Suppose 0*w + 3*w + 3*h = 42, w - 2*h = 26. What is the units digit of w?
8
Suppose 0 = -3*q + 35 + 61. Suppose -3*o = h + h, 0 = 2*h - 5*o - q. What is the units digit of h?
6
Suppose -22 = -5*y - c, -y - 2*c = 2*c - 12. What is the units digit of (y/(-12))/(1/(-27))?
9
Suppose -p - 1 = -20. What is the tens digit of p?
1
Suppose 0 = 4*t - 12*t + 72. What is the units digit of t?
9
Suppose -q + 5 + 4 = 0. Let r(w) = 2*w**2 + 4*w + 14. Let g(a) = 3*a**2 + 9*a + 27. Let o(n) = -3*g(n) + 5*r(n). What is the units digit of o(q)?
7
Suppose 4*n = 11*n - 868. What is the tens digit of n?
2
Suppose -4*v = 20, -5*v + 5 = 4*i - 2*v. Let b = 10 - i. Suppose 2*g = 3*k + b*g - 9, 3*k - 3*g - 3 = 0. What is the units digit of k?
2
Let g be (-3)/(6/(-62)) + 1. Suppose 3*l + 153 = 7*l + t, g = l - t. What is the tens digit of l?
3
Suppose 3 = 2*r + 3*v, 3*r + 0*v - 3*v - 27 = 0. Suppose -3*i = 2*i - 25. Suppose b - r = i. What is the tens digit of b?
1
Suppose -3*v + y = v - 159, -3*v = 5*y - 148. Let m(i) = -i**2 - 3*i + 4. Let s be m(-4). Suppose 4*f - v + 13 = s. What is the units digit of f?
7
Let z be (-9)/6*-2 + 0. Suppose 2*i + i = z. Suppose -3*h + i + 2 = 0. What is the units digit of h?
1
Suppose 5*h - 5*o + 25 = 0, 3*h - 3*o = -o - 11. Let w(u) = -9*u. What is the units digit of w(h)?
9
Let h = -28 - -266. What is the tens digit of h?
3
Suppose 2*t = 5*r - 3*t - 15, -5*t - 3 = -r. Let p(f) = -f**3 + 2*f**2 + 5*f - 2. Let o be p(r). Suppose o = n - 4. What is the units digit of n?
8
Suppose 3*q - 9 = 3*l, -1 - 4 = -3*q + 4*l. Suppose 0 = 6*g - q*g + 4. What is the units digit of g?
4
Suppose -25 = -4*c + 7. Let b be (-2 + c)*(-4)/(-12). Suppose -b*m = j - 13, 0 = j - 0*j + m - 15. What is the units digit of j?
7
Suppose -5*c - 49 = 391. What is the tens digit of (0 + 1)/((-8)/c)?
1
What is the tens digit of 36*3*(-18)/(-48)*2?
8
Suppose -4*z + 287 = -145. What is the hundreds digit of z?
1
Suppose -q + 7 - 2 = 0. What is the units digit of q?
5
Let r be ((-6)/(-4) - 3)*-24. Suppose -r = -t - t. What is the tens digit of t?
1
Suppose 0 = 2*p - 0*p + 8. Let v = -2 - p. What is the units digit of v + -1 - (-2 - -1)?
2
What is the units digit of (-2)/18*2 - 24860/(-90)?
6
Let x = -38 + 78. What is the tens digit of x?
4
Suppose 5*w + 23 = 2*u - 16, 2*u - 33 = 3*w. Suppose -5 + u = o. What is the units digit of o?
7
Let c = -15 - -34. What is the tens digit of c*(-2)/(-8)*4?
1
Let d be 25/(-9) - (-8)/(-36). What is the units digit of 6/d*(-15)/6?
5
Let h be 40/(-12) - (-2)/6. What is the tens digit of 6*4/h*-2?
1
Suppose -l + 0*l + 4 = 0. Let s = 2 + 1. Let q = l - s. What is the units digit of q?
1
Suppose 29 + 28 = 3*p. Suppose p = t + 5. What is the units digit of t?
4
Let p be (2/(-4))/(6/(-36)). Suppose 0*o + p*j + 48 = 3*o, -j = -1. What is the units digit of o?
7
Let b(g) = -g. Let f(j) = -6*j + 2. Let v(h) = b(h) + f(h). What is the units digit of v(-2)?
6
Let b = -38 + 88. Let t = b + -5. What is the units digit of t?
5
Suppose -3*w - 51 = -7*w - 3*u, -5*w + 3*u + 84 = 0. Let i be 10/w*18/4. Suppose -r = -b + 5*b - 22, 3*r + 24 = i*b. What is the units digit of b?
6
Let m(n) = n**3 + 8*n**2 + 7*n + 12. Let a be m(-6). Suppose -5*j - g = -a, g + 12 = -3*g. What is the units digit of j?
9
Suppose -x - 2*q + 62 = 14, 0 = -3*x + q + 165. What is the units digit of 9/(-12)*(-2 - x)?
2
Suppose m + 44 = -2*x - 4*m, -16 = 4*m. Let s be 3/12 - (-3)/x. Suppose 0 = -5*j + 2*v + 14, -4*j = -s*j - 5*v - 1. What is the units digit of j?
4
What is the units digit of -2 + 0/(-3) - -39?
7
Let q be (-4)/(-6) + (-294)/9. Let d = -5 - q. What is the tens digit of d?
2
Let h be 4/10 - (-18)/5. Let u(d) = 2*d - 4 + 0 - h - 3. What is the units digit of u(9)?
7
Let p be (6 - (5 + -2)) + 2. What is the units digit of 22/p + (-16)/40?
4
Let p = -6 - 0. Let h be 4/10*30/p. What is the units digit of 1 - (0 - (2 - h))?
5
Suppose -3*h + x = -30, 0 = -h + 5*x - x + 21. What is the units digit of h?
9
Suppose n + 3*n = -40. Let d be 4/n - (-24)/10. Suppose 1 = 3*p - d*p. What is the units digit of p?
1
Suppose -7*j = 4*j - 2805. What is the tens digit of j?
5
What is the tens digit of 115/2*108/90?
6
Let t = -7 - -5. Let q(z) = z**3 + 2*z**2 - z. What is the units digit of q(t)?
2
Let c(r) = r**3 - 2*r**2 + 2*r - 1. Let m be c(1). Let a = m + 52. Suppose 2 = 2*w, 4*p - 3*w - a = w. What is the units digit of p?
4
Let c(j) = j**3 - j**2. Let u be c(2). Suppose 4*q - 24 - u = 0. What is the units digit of q?
7
Suppose -2 = 2*g + 2*d, -4*d = -3*g + 15 + 3. Suppose -3*m = -4*c + 29, 0 = -3*c + 6*c + g*m - 26. What is the units digit of c?
8
Suppose 7*r - 220 = 2*r. What is the units digit of r?
4
Suppose -7*z = -4*z + 6. What is the units digit of z/(-9) - 1340/(-45)?
0
Let v(x) = -x**2 - 6*x - 3. Let d be (-12)/(-3)*2/(-2). Let f be v(d). Let h(p) = p**3 - 5*p**2 + p + 3. What is the units digit of h(f)?
8
Let s(q) = -5*q**2 - q - 1. Let l be s(-1). Let w(n) = -n - 4. What is the units digit of w(l)?
1
Let y = 396 - 227. What is the units digit of y?
9
Suppose 0 = -i - v + 9, v + 4 = -v. Let l = 2 - 0. Suppose i = l*y + 1. What is the units digit of y?
5
Let z(i) = -i**2 + 3*i + 3. Let q be z(4). What is the units digit of (-12 + q)*(-1 + 0)?
3
Let w(k) be the second derivative of k**5/20 - k**4/2 + 5*k**3/6 - 4*k**2 - 2*k. What is the units digit of w(6)?
2
Suppose 5*f = 2*g + 3*g + 15, -2*f + 8 = -4*g. Suppose -4*y - 27 = -3*h, 0 = -y - 2*h - 2 - f. Let s(z) = z**2 + 5*z + 5. What is the units digit of s(y)?
1
Let v = 16 - 22. Let u(p) = -4*p - 8. What is the tens digit of u(v)?
1
Let w(q) = q**2 - 1. Let k be w(-1). Suppose -51 = -3*s + 3*p, k = -3*s + 2*p - p + 51. What is the tens digit of s?
1
Suppose -2*h - 75 = -7*h - 5*t, 50 = 2*h - 3*t. What is the units digit of h?
9
Suppose -4*a + a = -129. Let d = -26 + a. What is the units digit of d?
7
Suppose 2*k = -4*y + 26, 0 = -k - 3 - 0. Suppose 3*n + a - y = n, -2*n - 4*a + 2 = 0. What is the units digit of n*16/(-30)*-3?
8
Suppose 4*q = -4*i + 52, -4*i + 2*q = -0*q - 46. Let f be (-1)/((-15)/(-12))*-10. Let r = i - f. What is the units digit of r?
4
Let d(q) = -q**3 - 6*q**2 - q - 3. Let s be d(-6). Let g be 87/6 + 1/(-2). Suppose b - 10 = y - 0, 5*y - g = -s*b. What is the units digit of b?
8
Suppose -d + 61 = -9. What is the units digit of d?
0
Let r(p) = p**2 - 3*p + 2. Let b be r(3). Suppose b*c + 3 = -13. What is the units digit of ((-14)/c)/((-4)/(-16))?
7
Suppose 6*s = 24 + 216. What is the tens digit of s?
4
Let u(f) = -f**3 + 12*f**2 + 3. Let d be u(12). Suppose -d = s + 9. Let y = s + 21. What is the units digit of y?
9
Let n be 174/4 + (-2)/(-4). Let k = n - 29. Let w = 24 - k. What is the units digit of w?
9
Let u = 1 + -1. Suppose -2 = -4*s + 2. Let d = s + u. What is the units digit of d?
1
What is the units digit of 5/(-30) - 157/(-6)?
6
Let g(d) = 2 - 3*d + 5*d**2 - 4*d**2 - 2*d**2. Let o be g(-3). Suppose -i + o*i - 4 = 0. What is the units digit of i?
4
Let n be 0 + 1 - (5 + -3). What is the units digit of 11/(n*(3 - 4))?
1
Suppose 4*f = 5*r + 45, 0*r = 4*f - 3*r - 35. Suppose -f*i + 17 + 8 = 0. Suppose 10*t - 40 = i*t. What is the units digit of t?
8
What is the units digit of 6/54 + (-211)/(-18)*4?
7
Suppose -3*h + 29 = 4*n, 45 = -0*h + 4*h - n. What is the tens digit of h?
1
Suppose h + 2*h + 5*b - 10 = 0, -3*b + 5 = 2*h. Let k = h - -4. What is the units digit of k + (-4)/(-2) - -7?
8
Let o(d) = -6*d**2 - 7*d - 7. Let n(i) = -5*i**2 - 6*i - 6. Let z(j) = 7*n(j) - 6*o(j)